23 - y)). Let c = 31 - q. What is the tens digit of c?
1
Let m = 138 + -279. Suppose 59*g - 67*g = 656. Let o = g - m. What is the units digit of o?
9
Let b(j) = -36*j**3 - 8*j**2 - 11*j - 3. What is the units digit of b(-3)?
0
Let a = 3523 - 2243. What is the thousands digit of a?
1
Let q be 1/5 + 1/(-5). Suppose q*l - 111 = -3*l. Let m = l + -25. What is the tens digit of m?
1
What is the units digit of (-41 - -42)*(-1 + 908)?
7
Let b(y) = -8*y**3 + 2*y**2 - 3*y + 1. Let t be b(2). Let l = 93 + t. What is the tens digit of l?
3
Let j be -7 + 4 - (2 - -1). Let i be j/4 - 812/8. Let n = -44 - i. What is the tens digit of n?
5
Let j = -238 + 429. Let g = 352 - j. What is the tens digit of g?
6
Let x(v) = 4*v + 6. Let l be x(7). Let q = l - 29. Suppose -18 = -s - j, -2*s - q*j = s - 44. What is the tens digit of s?
2
Let j(s) = 23*s**2 - 5*s - 304. Let o(u) = 8*u**2 - 2*u - 101. Let d(b) = -4*j(b) + 11*o(b). What is the units digit of d(0)?
5
Suppose 5*v + 72 + 48 = 0. Let f be 2/8 + (-66)/v. Suppose f*w = 79 + 38. What is the tens digit of w?
3
Let d be 2 + ((-30)/(-3) - 4). Suppose -d = -4*f - 0*f. Suppose -x + f*k + 32 = 0, 31 + 2 = x - k. What is the tens digit of x?
3
Suppose -2*n = -8, 10048 = -2*k + 6*k - 2*n. What is the units digit of k?
4
Let u(l) = 32*l**2 - l - 5. Let x be u(-3). Let k = 137 - x. Let p = k - -211. What is the tens digit of p?
6
What is the tens digit of 5 + 1 + 86 + -20?
7
What is the units digit of (234 - 5) + 1 + -2 - 1?
7
Suppose 3*y + s - 8 = 0, 4*y = -s - 6 + 18. Suppose 0 = 3*x - y*x. Suppose x = 2*k - 5*k + 39. What is the tens digit of k?
1
Suppose 0 = 3*m + 5*w + 52, -7 = -m - 3*w - 27. Let j = 19 + m. Suppose -j*d + 0*d + 190 = 0. What is the units digit of d?
8
Suppose 43 = 3*h + 7. Suppose -n + 5*n + 5*j - 255 = 0, 2*n - 120 = -4*j. Let s = h + n. What is the units digit of s?
2
Suppose 0 = f - 6*f - 3*x - 114, 2*x + 27 = -f. Let r be -7*(-2 - 6/f). Let i = r - 4. What is the units digit of i?
8
Let a = 53 - 9. Let n = -7 + a. Suppose -n = -2*v + 5*q, v + 3*q - 56 = -2*q. What is the tens digit of v?
3
Let d = -45 + 26. Let n = -16 - d. Suppose -n*r = -3*u - 54, -u - 84 = r - 5*r. What is the units digit of r?
2
Suppose 4*q - 98 = q + 5*l, 5*q - l - 156 = 0. What is the units digit of q?
1
Suppose -3*f = 2*f - 20, b - 4*f = -13. Suppose -156 = -b*n + 2*n. What is the tens digit of n?
5
Let f(x) = -x**3 - 22*x**2 + 19*x - 4. What is the tens digit of f(-24)?
9
Let t be 2/(1/(12/(-8))). Let j(v) be the second derivative of -v**3/2 + 7*v**2/2 + 3*v. What is the tens digit of j(t)?
1
Suppose 0*y = y - 3. Let w = y - -1. What is the tens digit of 43/w + 5/20?
1
Let k be (-28)/(-4) + 0 - 4. Suppose 0 = -k*g + 134 + 157. What is the tens digit of g?
9
Let n(r) = -r**3 + 20*r**2 + 12*r - 23. What is the units digit of n(19)?
6
Let s(v) = -2*v - 7. Let d be s(12). Let h = d + 13. What is the tens digit of (-1 + -2)*228/h?
3
Suppose -2*c = -14*c - 1152. Let r = c - -253. What is the tens digit of r?
5
Let j(z) = -3*z**2 + 2*z - 1. Let p be j(1). Let n be (0/5)/(0 - p). Suppose -d + 6 + n = 0. What is the units digit of d?
6
Let c be (3 + -4)*(7 + -1). Let z(n) = n**2 + 6*n + 5. What is the units digit of z(c)?
5
Let c(t) = -t**3 - 5*t**2 - 8*t - 2. Let v be c(-2). Let y(q) = 8*q**3 - 3*q**2 + q. What is the units digit of y(v)?
4
Let n be (-48)/32 + (-21)/(-2). Suppose 0 = 4*g - n*g + 145. Suppose x = 2*x - g. What is the tens digit of x?
2
Suppose d + 0*d - 7 = 0. Suppose 0 = -z + 2*m + d, -2*z + 3*m + 0*m = -9. What is the units digit of (-2 - z) + -3 - -19?
7
Let s(n) = 3*n**2 - n + 2. Let c be s(1). Suppose 18 = -c*u - 2, -3*u = 5*o - 15. Suppose 20 = x - o. What is the units digit of x?
6
Let l = 395 - 7. What is the hundreds digit of l?
3
Let h(b) = -b**3 - 5*b**2 + 5*b. Let p be 11 - ((-2 - -2) + 3). Let y(w) = w**3 - 7*w**2 - 10*w + 10. Let o be y(p). What is the units digit of h(o)?
6
What is the hundreds digit of 4 + -8 + (728/(-4))/(-1)?
1
What is the thousands digit of (4/(-12))/((1/1)/(-4044))?
1
Suppose -2*q + 5 = -1. Let r be 0 - (-2 - (-108)/q). Let l = -16 - r. What is the tens digit of l?
1
Let x be -4 - (-1 + -4) - -5. Suppose 0 = -3*u + 3, -3*u - 97 = -x*f + f. What is the units digit of f?
0
Suppose -52 + 7 = -5*g. Let a(i) = -i**3 + 11*i**2 - 5*i - 9. Let o be a(g). Suppose -4*v + o = -0*v. What is the tens digit of v?
2
What is the tens digit of -1 + (-1)/(3/(-846))?
8
Suppose 5*w = 7*w + 10. Let f = w + 17. What is the tens digit of f?
1
Suppose g + 4 = 2*c, -2*g - c + 20 = 3. What is the units digit of g?
6
Let n = -147 - -454. What is the tens digit of n?
0
Let r(c) = -8*c**3 - c**2 + 1. Let m be r(-1). Suppose -h = 2*u - 34, -m*h + 44 = 3*u - 3*h. What is the units digit of u?
8
Let y(c) = c**2 + 6*c - 13. Let i be y(-9). Suppose -4*h + 5 = -3*h - x, -4*h + x + i = 0. Suppose 5*q - h*q = 56. What is the units digit of q?
8
Let h = -299 + 559. Let a = h + -79. What is the units digit of a?
1
Suppose 8 = t - 5*q, -12 = -3*t - q + 4*q. Suppose 2*a - 39 = t*a. Let x = a - -102. What is the tens digit of x?
6
Suppose -12 = -2*h + g, 0*g = 5*h + 3*g - 30. Let x be -20*(-2)/(8/h). Let z = x + 4. What is the units digit of z?
4
Let d(m) = m + 6. Let o be d(-10). Let z be 28/36 + o/(-18). Suppose -5*f - z = -b, 0 = -5*b + 3*f + f + 26. What is the units digit of b?
6
Let j = -431 - -483. Suppose -2*m - 3*c + 9 = 0, 4*c - 2 - 21 = m. What is the tens digit of j/m*3/(-2)?
2
Let v = -419 - -421. What is the units digit of v?
2
Suppose -5*i = -i + 44. Let q = i - -83. Let b = 101 - q. What is the tens digit of b?
2
Let k(w) = w**2 - 5*w + 45. What is the tens digit of k(-16)?
8
Suppose 5*f - 17 + 2 = 0. Let s(d) = -d**f + 4*d**2 - d - 5*d**2 + 0*d**2 + 22. What is the tens digit of s(0)?
2
Let n = 126 - 56. Suppose -2*h + 72 + n = 0. What is the tens digit of h?
7
Let a be -2 - -2 - 40/(-2). Let w = 5 + -2. Suppose -22 - a = -w*t. What is the tens digit of t?
1
Suppose 0 = -5*c - 5*p - 20, c + p + 3 = -p. Let w be 4/(-4*1/((-8)/(-4))). What is the units digit of w/c + (-13)/(-5)?
3
Let j be (-2)/12*2 - 1/(-3). Suppose -3*i + 9 = -j, -w + 25 = 5*i. What is the units digit of w?
0
Suppose -10685 = -7*r - 5*s, -4*r + 6*s - 10*s = -6108. What is the thousands digit of r?
1
Let z = -7499 - -11190. What is the tens digit of z?
9
Let i be 2/(0 - (-1)/18). Suppose -3*j + 0*j + i = 0. Let z = j - 8. What is the units digit of z?
4
Let c be (-1)/(-3 - -2)*5. Suppose 0*l - c = -5*p + 5*l, -p - 5 = -4*l. What is the tens digit of 31 + 2/(-2) + p?
3
Suppose -3*l = -5*n + 6, 4*l = 6 + 6. Suppose -22 = n*a - 265. What is the units digit of a?
1
Suppose 3*g - 8*g + 160 = 0. Suppose -u + 24 = 3*r, 0 = -3*u - 0*u - r + g. What is the units digit of u?
9
Suppose -5 = 3*t + 55. Let c = 27 + t. What is the units digit of c?
7
Let q(t) = 2*t**2 + 5*t - 2*t**2 + 3 + t**2. What is the units digit of q(-6)?
9
Let r = -588 - -58. What is the units digit of (-1)/(-1 + (-528)/r)?
5
Let z(a) = -4*a**2 + 6*a. Let f be z(6). Let i = -925 - -1083. Let o = i + f. What is the tens digit of o?
5
What is the hundreds digit of (850 - 0)*(-9)/(-18)?
4
Let k(y) = 0*y + 247*y**2 + 4*y + 3 + 12*y**2 - y. What is the tens digit of k(-1)?
5
Let x = -1013 + 1464. What is the units digit of x?
1
Suppose 0 = 2*k + 3*f - 0*f - 12, -k + f = -1. Suppose k*r = -2*r. What is the units digit of (r - 1)/(2/(-104))?
2
Let r(o) = -23 - 16*o + 18*o - 29*o. What is the hundreds digit of r(-8)?
1
Let x = 82 - 80. What is the tens digit of ((-3)/(-6)*-37)/((-1)/x)?
3
Suppose -6*v + 9*v - 3*w = 9, 0 = 4*w + 12. Suppose -2*y + 5*m = -v*y - 545, 0 = -2*m + 10. What is the units digit of y?
5
Suppose -1489 - 717 = -3*o - 4*p, 2208 = 3*o + 3*p. Suppose 14*l = 5*l + o. What is the units digit of l?
2
Suppose -2*t - 5*q - 46 = 0, 2*q + 0*q = -5*t - 115. Let c = -12 - t. Suppose -3*g - c + 53 = 0. What is the units digit of g?
4
Suppose 59976 = 3*y + 48*y. What is the hundreds digit of y?
1
Suppose 5*x = x + u + 11, 0 = 2*x + u - 7. Let q(i) = 7*i**2 + i - 9. What is the tens digit of q(x)?
5
Let p(f) = -f**3 + f**2 - 5*f - 2. Let d be (-3 + -1)/2*1. Let c(m) = m + 1. Let n(x) = d*c(x) - p(x). What is the units digit of n(3)?
7
Let n(i) = -9*i - 57. Let w be n(-